ainder when 184783 is divided by 14?
11
What is the remainder when 89428 is divided by 941?
33
Calculate the remainder when 14953 is divided by 55.
48
Calculate the remainder when 26614 is divided by 153.
145
Calculate the remainder when 329 is divided by 94.
47
What is the remainder when 351013 is divided by 232?
229
What is the remainder when 12039 is divided by 24?
15
What is the remainder when 1872 is divided by 885?
102
Calculate the remainder when 16815 is divided by 227.
17
Calculate the remainder when 8049 is divided by 425.
399
Calculate the remainder when 122332 is divided by 24464.
12
Calculate the remainder when 3408 is divided by 202.
176
Calculate the remainder when 23602 is divided by 1810.
72
Calculate the remainder when 17984 is divided by 1779.
194
Calculate the remainder when 542485 is divided by 1659.
1651
Calculate the remainder when 158738 is divided by 177.
146
What is the remainder when 5097 is divided by 695?
232
Calculate the remainder when 5156 is divided by 1683.
107
What is the remainder when 1389739 is divided by 106901?
26
What is the remainder when 7420 is divided by 165?
160
Calculate the remainder when 3729 is divided by 551.
423
What is the remainder when 37911 is divided by 330?
291
What is the remainder when 7656 is divided by 432?
312
What is the remainder when 4839 is divided by 1202?
31
What is the remainder when 7273 is divided by 519?
7
Calculate the remainder when 329346 is divided by 27445.
6
What is the remainder when 2253 is divided by 2177?
76
What is the remainder when 38926 is divided by 1723?
1020
Calculate the remainder when 6551 is divided by 40.
31
Calculate the remainder when 753 is divided by 379.
374
Calculate the remainder when 4695 is divided by 191.
111
Calculate the remainder when 9984 is divided by 526.
516
What is the remainder when 13340 is divided by 48?
44
What is the remainder when 13053 is divided by 290?
3
What is the remainder when 1067 is divided by 322?
101
What is the remainder when 197674 is divided by 17967?
37
Calculate the remainder when 38880 is divided by 12768.
576
Calculate the remainder when 1323 is divided by 54.
27
What is the remainder when 3665284 is divided by 221?
220
What is the remainder when 72400 is divided by 81?
67
What is the remainder when 18086 is divided by 235?
226
Calculate the remainder when 4075 is divided by 191.
64
Calculate the remainder when 254400 is divided by 131.
129
Calculate the remainder when 188551 is divided by 23560.
71
Calculate the remainder when 1242 is divided by 1234.
8
What is the remainder when 36083 is divided by 249?
227
What is the remainder when 129346 is divided by 25?
21
Calculate the remainder when 11981 is divided by 5971.
39
Calculate the remainder when 4357 is divided by 58.
7
Calculate the remainder when 159058 is divided by 5.
3
What is the remainder when 1145045 is divided by 14?
13
Calculate the remainder when 10032 is divided by 75.
57
Calculate the remainder when 16037 is divided by 198.
197
Calculate the remainder when 407212 is divided by 60.
52
What is the remainder when 22311 is divided by 4?
3
What is the remainder when 11183 is divided by 1699?
989
What is the remainder when 1011 is divided by 225?
111
Calculate the remainder when 11989 is divided by 11980.
9
Calculate the remainder when 178603 is divided by 40.
3
Calculate the remainder when 51308 is divided by 2240.
2028
What is the remainder when 504496 is divided by 198?
190
What is the remainder when 175749 is divided by 186?
165
What is the remainder when 8983 is divided by 321?
316
Calculate the remainder when 17543 is divided by 325.
318
Calculate the remainder when 249 is divided by 233.
16
What is the remainder when 895 is divided by 380?
135
Calculate the remainder when 41306 is divided by 17.
13
What is the remainder when 8156 is divided by 80?
76
What is the remainder when 739962 is divided by 6?
0
Calculate the remainder when 16720 is divided by 206.
34
What is the remainder when 50319 is divided by 621?
18
What is the remainder when 123803 is divided by 38?
37
Calculate the remainder when 1663 is divided by 1618.
45
Calculate the remainder when 256 is divided by 95.
66
Calculate the remainder when 1610 is divided by 69.
23
What is the remainder when 48128 is divided by 617?
2
Calculate the remainder when 662 is divided by 154.
46
What is the remainder when 173416 is divided by 43?
40
Calculate the remainder when 48281 is divided by 15.
11
Calculate the remainder when 452284 is divided by 85.
84
Calculate the remainder when 22406 is divided by 247.
176
Calculate the remainder when 194071 is divided by 194068.
3
What is the remainder when 1279548 is divided by 129?
126
Calculate the remainder when 73725 is divided by 12263.
147
What is the remainder when 1452 is divided by 1437?
15
What is the remainder when 66827 is divided by 16?
11
What is the remainder when 84114 is divided by 14018?
6
Calculate the remainder when 2800 is divided by 558.
10
Calculate the remainder when 3608 is divided by 29.
12
Calculate the remainder when 12597 is divided by 1117.
310
What is the remainder when 2850 is divided by 974?
902
Calculate the remainder when 74551 is divided by 11.
4
What is the remainder when 485079 is divided by 54?
51
What is the remainder when 338 is divided by 19?
15
Calculate the remainder when 6749 is divided by 36.
17
Calculate the remainder when 5763 is divided by 1915.
18
What is the remainder when 230079 is divided by 76?
27
What is the remainder when 100390 is divided by 115?
110
What is the remainder when 1026 is divided by 24?
18
Calculate the remainder when 10745 is divided by 1339.
33
What is the remainder when 52540 is divided by 8743?
82
What is the remainder when 31956 is divided by 15780?
396
What is the remainder when 3828 is divided by 103?
17
Calculate the remainder when 1242 is divided by 408.
18
Calculate the remainder when 11614 is divided by 2192.
654
What is the remainder when 18844 is divided by 39?
7
Calculate the remainder when 3298 is divided by 33.
31
What is the remainder when 180126 is divided by 16?
14
What is the remainder when 6187 is divided by 1029?
13
What is the remainder when 11737 is divided by 582?
97
What is the remainder when 8142 is divided by 2701?
39
What is the remainder when 5246 is divided by 1037?
61
Calculate the remainder when 1577 is divided by 520.
17
Calculate the remainder when 10443 is divided by 10417.
26
Calculate the remainder when 2971583 is divided by 1474.
1473
What is the remainder when 3385 is divided by 3221?
164
Calculate the remainder when 19193 is divided by 139.
11
Calculate the remainder when 1341 is divided by 376.
213
What is the remainder when 5344 is divided by 71?
19
Calculate the remainder when 11932 is divided by 1982.
40
What is the remainder when 42459 is divided by 86?
61
What is the remainder when 33056 is divided by 16489?
78
Calculate the remainder when 37474 is divided by 204.
142
Calculate the remainder when 145793 is divided by 517.
516
What is the remainder when 10056 is divided by 2753?
1797
Calculate the remainder when 134114 is divided by 50.
14
Calculate the remainder when 614798 is divided by 725.
723
Calculate the remainder when 95 is divided by 68.
27
Calculate the remainder when 225999 is divided by 56495.
19
What is the remainder when 141275 is divided by 193?
192
Calculate the remainder when 595570 is divided by 31.
29
Calculate the remainder when 41238 is divided by 2314.
1900
Calculate the remainder when 556437 is divided by 7949.
7
Calculate the remainder when 34941 is divided by 26.
23
What is the remainder when 3783 is divided by 458?
119
What is the remainder when 1486 is divided by 214?
202
What is the remainder when 143665 is divided by 471?
10
Calculate the remainder when 10988 is divided by 48.
44
What is the remainder when 15534 is divided by 136?
30
What is the remainder when 20846 is divided by 2316?
2
Calculate the remainder when 4766 is divided by 6.
2
Calculate the remainder when 4357 is divided by 4355.
2
Calculate the remainder when 257 is divided by 84.
5
Calculate the remainder when 17420 is divided by 316.
40
What is the remainder when 30806 is divided by 78?
74
Calculate the remainder when 1199 is divided by 358.
12